 53 is divided by 9.
8
What is the remainder when 28 is divided by 19?
9
Calculate the remainder when 46 is divided by 17.
12
Calculate the remainder when 129 is divided by 54.
21
Calculate the remainder when 609 is divided by 47.
45
Calculate the remainder when 18125 is divided by 14.
9
What is the remainder when 467 is divided by 25?
17
What is the remainder when 45 is divided by 25?
20
What is the remainder when 32 is divided by 22?
10
What is the remainder when 2390 is divided by 793?
11
Calculate the remainder when 3156 is divided by 39.
36
Calculate the remainder when 1116 is divided by 33.
27
Calculate the remainder when 109 is divided by 23.
17
Calculate the remainder when 4040 is divided by 804.
20
Calculate the remainder when 435 is divided by 23.
21
What is the remainder when 2374 is divided by 36?
34
What is the remainder when 657 is divided by 628?
29
What is the remainder when 513 is divided by 51?
3
Calculate the remainder when 21 is divided by 17.
4
Calculate the remainder when 529 is divided by 45.
34
What is the remainder when 527 is divided by 489?
38
Calculate the remainder when 31 is divided by 20.
11
Calculate the remainder when 10474 is divided by 20.
14
Calculate the remainder when 1270 is divided by 32.
22
Calculate the remainder when 320 is divided by 102.
14
What is the remainder when 113 is divided by 15?
8
Calculate the remainder when 5796 is divided by 1928.
12
Calculate the remainder when 229 is divided by 215.
14
Calculate the remainder when 262 is divided by 45.
37
Calculate the remainder when 614 is divided by 28.
26
What is the remainder when 85 is divided by 25?
10
What is the remainder when 639 is divided by 20?
19
Calculate the remainder when 1146 is divided by 4.
2
Calculate the remainder when 451 is divided by 61.
24
Calculate the remainder when 1535 is divided by 12.
11
What is the remainder when 76 is divided by 27?
22
Calculate the remainder when 403 is divided by 145.
113
What is the remainder when 295 is divided by 39?
22
Calculate the remainder when 69 is divided by 7.
6
What is the remainder when 131 is divided by 68?
63
Calculate the remainder when 30 is divided by 17.
13
Calculate the remainder when 242 is divided by 39.
8
What is the remainder when 211 is divided by 53?
52
Calculate the remainder when 6119 is divided by 2038.
5
What is the remainder when 374 is divided by 54?
50
Calculate the remainder when 213 is divided by 43.
41
What is the remainder when 851 is divided by 56?
11
What is the remainder when 545 is divided by 189?
167
Calculate the remainder when 1917 is divided by 30.
27
What is the remainder when 36 is divided by 6?
0
Calculate the remainder when 58 is divided by 21.
16
What is the remainder when 317 is divided by 11?
9
What is the remainder when 1574 is divided by 524?
2
What is the remainder when 191 is divided by 28?
23
Calculate the remainder when 352 is divided by 20.
12
Calculate the remainder when 2599 is divided by 19.
15
Calculate the remainder when 441 is divided by 83.
26
Calculate the remainder when 8233 is divided by 9.
7
Calculate the remainder when 151 is divided by 40.
31
Calculate the remainder when 158 is divided by 19.
6
Calculate the remainder when 535 is divided by 68.
59
Calculate the remainder when 190 is divided by 46.
6
What is the remainder when 190 is divided by 10?
0
Calculate the remainder when 100 is divided by 14.
2
What is the remainder when 220 is divided by 75?
70
What is the remainder when 132 is divided by 9?
6
What is the remainder when 5907 is divided by 311?
309
Calculate the remainder when 363 is divided by 28.
27
Calculate the remainder when 874 is divided by 60.
34
Calculate the remainder when 119 is divided by 44.
31
What is the remainder when 12188 is divided by 51?
50
What is the remainder when 4724 is divided by 17?
15
Calculate the remainder when 409 is divided by 44.
13
What is the remainder when 262 is divided by 46?
32
What is the remainder when 855 is divided by 75?
30
What is the remainder when 617 is divided by 9?
5
Calculate the remainder when 325 is divided by 64.
5
Calculate the remainder when 184 is divided by 51.
31
What is the remainder when 416 is divided by 120?
56
What is the remainder when 3185 is divided by 123?
110
Calculate the remainder when 657 is divided by 68.
45
What is the remainder when 808 is divided by 196?
24
What is the remainder when 173 is divided by 29?
28
Calculate the remainder when 320 is divided by 60.
20
What is the remainder when 389 is divided by 70?
39
What is the remainder when 382 is divided by 161?
60
What is the remainder when 950 is divided by 70?
40
Calculate the remainder when 378 is divided by 58.
30
Calculate the remainder when 479 is divided by 168.
143
Calculate the remainder when 5439 is divided by 20.
19
Calculate the remainder when 424 is divided by 17.
16
What is the remainder when 375 is divided by 42?
39
What is the remainder when 32161 is divided by 374?
371
What is the remainder when 578 is divided by 193?
192
Calculate the remainder when 397 is divided by 96.
13
What is the remainder when 1045 is divided by 51?
25
What is the remainder when 195 is divided by 9?
6
Calculate the remainder when 299 is divided by 79.
62
Calculate the remainder when 11917 is divided by 16.
13
What is the remainder when 746 is divided by 54?
44
What is the remainder when 6751 is divided by 35?
31
Calculate the remainder when 293 is divided by 11.
7
What is the remainder when 108 is divided by 5?
3
Calculate the remainder when 260 is divided by 87.
86
What is the remainder when 572 is divided by 61?
23
Calculate the remainder when 35775 is divided by 19.
17
Calculate the remainder when 18699 is divided by 374.
373
Calculate the remainder when 722 is divided by 61.
51
Calculate the remainder when 172 is divided by 58.
56
What is the remainder when 1101 is divided by 38?
37
What is the remainder when 770 is divided by 78?
68
What is the remainder when 99 is divided by 93?
6
Calculate the remainder when 258 is divided by 45.
33
What is the remainder when 1076 is divided by 40?
36
What is the remainder when 17283 is divided by 129?
126
Calculate the remainder when 9 is divided by 7.
2
What is the remainder when 399 is divided by 101?
96
Calculate the remainder when 34 is divided by 12.
10
What is the remainder when 445 is divided by 76?
65
What is the remainder when 144 is divided by 77?
67
Calculate the remainder when 28 is divided by 21.
7
What is the remainder when 38 is divided by 24?
14
What is the remainder when 449 is divided by 11?
9
Calculate the remainder when 114 is divided by 68.
46
Calculate the remainder when 186 is divided by 10.
6
Calculate the remainder when 1233 is divided by 17.
9
Calculate the remainder when 1988 is divided by 51.
50
Calculate the remainder when 181 is divided by 53.
22
Calculate the remainder when 19 is divided by 14.
5
Calculate the remainder when 208 is divided by 6.
4
Calculate the remainder when 680 is divided by 22.
20
Calculate the remainder when 723 is divided by 56.
51
What is the remainder when 172 is divided by 56?
4
Calculate the remainder when 65 is divided by 25.
15
What is the remainder when 835 is divided by 30?
25
What is the remainder when 36 is divided by 30?
6
What is the remainder when 861 is divided by 92?
33
Calculate the remainder when 24 is divided by 8.
0
Calculate the remainder when 691 is divided by 16.
3
What is the remainder when 61 is divided by 11?
6
Calculate the remainder when 31 is divided by 4.
3
Calculate the remainder when 128 is divided by 73.
55
Calculate the remainder when 247 is divided by 2.
1
Calculate the remainder when 72 is divided by 15.
12
What is the remainder when 259 is divided by 12?
7
What is the remainder when 2148 is divided by 83?
73
Calculate the remainder when 225 is divided by 114.
111
What is the remainder when 1257 is divided by 120?
57
What is the remainder when 111 is divided by 28?
27
What is the remainder when 59 is divided by 5?
4
Calculate the remainder when 28 is divided by 18.
10
Calculate the remainder when 58 is divided by 16.
10
What is the remainder when 143 is divided by 23?
5
Calculate the remainder when 307 is divided by 79.
70
What is the remainder when 13 is divided by 9?
4
Wha